{"id":57,"date":"2013-10-31T09:00:37","date_gmt":"2013-10-31T08:00:37","guid":{"rendered":"http:\/\/www.axalnet.sk\/new\/?page_id=57"},"modified":"2023-03-29T13:03:17","modified_gmt":"2023-03-29T12:03:17","slug":"obchodne-podmienky","status":"publish","type":"page","link":"https:\/\/www.axalnet.sk\/new\/dokumenty\/obchodne-podmienky\/","title":{"rendered":"Obchodn\u00e9 podmienky"},"content":{"rendered":"<p>[vc_row][vc_column][vc_column_text]<\/p>\n<table>\n<tbody>\n<tr>\n<td><img loading=\"lazy\" class=\"alignnone size-full wp-image-389\" src=\"https:\/\/www.axalnet.sk\/new\/wp-content\/uploads\/2013\/10\/ico_pdf.png\" alt=\"ico_pdf\" width=\"20\" height=\"19\" align=\"absmiddle\" \/><a href=\"https:\/\/www.axalnet.sk\/new\/wp-content\/uploads\/2022\/12\/VP_Axalnet_2022.pdf\">V\u0161eobecn\u00e9 obchodn\u00e9 podmienky Axalnet, s.r.o<\/a><span style=\"color: #888888;\">\u00a0&#8211;\u00a01.1.2022<\/span><\/td>\n<\/tr>\n<tr>\n<td><img loading=\"lazy\" class=\"alignnone size-full wp-image-389\" src=\"https:\/\/www.axalnet.sk\/new\/wp-content\/uploads\/2013\/10\/ico_pdf.png\" alt=\"ico_pdf\" width=\"20\" height=\"19\" align=\"absmiddle\" \/><a href=\"https:\/\/www.axalnet.sk\/new\/wp-content\/uploads\/2022\/12\/VP_Axalnet_BO_2022.pdf\"> V\u0161eobecn\u00e9 obchodn\u00e9 podmienky Axalnet BO, s.r.o<\/a><span style=\"color: #888888;\">\u00a0&#8211;\u00a01.1.2022<\/span><\/td>\n<\/tr>\n<tr>\n<td><img loading=\"lazy\" class=\"alignnone size-full wp-image-389\" src=\"https:\/\/www.axalnet.sk\/new\/wp-content\/uploads\/2013\/10\/ico_pdf.png\" alt=\"ico_pdf\" width=\"20\" height=\"19\" align=\"absmiddle\" \/><a href=\"https:\/\/www.axalnet.sk\/new\/wp-content\/uploads\/2022\/12\/VP_Axalnet_WI_2022.pdf\"> V\u0161eobecn\u00e9 obchodn\u00e9 podmienky Axalnet WI, s.r.o<\/a><span style=\"color: #888888;\">\u00a0&#8211;\u00a01.1.2022<\/span><\/td>\n<\/tr>\n<tr>\n<td><img loading=\"lazy\" class=\"alignnone size-full wp-image-389\" src=\"https:\/\/www.axalnet.sk\/new\/wp-content\/uploads\/2013\/10\/ico_pdf.png\" alt=\"ico_pdf\" width=\"20\" height=\"19\" align=\"absmiddle\" \/><a href=\"https:\/\/www.axalnet.sk\/new\/wp-content\/uploads\/2022\/12\/VP_Axalnet_Wireless_2022.pdf\">V\u0161eobecn\u00e9 obchodn\u00e9 podmienky Axalnet WIRELESS, s.r.o<\/a><span style=\"color: #888888;\">\u00a0&#8211;\u00a01.1.2022<\/span><\/td>\n<\/tr>\n<tr>\n<td><img loading=\"lazy\" class=\"alignnone size-full wp-image-389\" src=\"https:\/\/www.axalnet.sk\/new\/wp-content\/uploads\/2013\/10\/ico_pdf.png\" alt=\"ico_pdf\" width=\"20\" height=\"19\" align=\"absmiddle\" \/><a href=\"https:\/\/www.axalnet.sk\/new\/wp-content\/uploads\/2022\/12\/VP_Axalnet_TV_2022.pdf\">V\u0161eobecn\u00e9 obchodn\u00e9 podmienky Axalnet TV, s.r.o<\/a><span style=\"color: #888888;\"> &#8211; 1.1.2022<\/span><\/td>\n<\/tr>\n<\/tbody>\n<\/table>\n<p>[\/vc_column_text][vc_column_text]<\/p>\n<table>\n<tbody>\n<tr>\n<td><img loading=\"lazy\" class=\"alignnone size-full wp-image-389\" src=\"https:\/\/www.axalnet.sk\/new\/wp-content\/uploads\/2013\/10\/ico_pdf.png\" alt=\"ico_pdf\" width=\"20\" height=\"19\" align=\"absmiddle\" \/><a href=\"https:\/\/www.axalnet.sk\/new\/wp-content\/uploads\/2023\/03\/Informacie_pre_koncovych_uzivatelov_Axalnet.pdf\">Informa\u0301cie pre koncovy\u0301ch uz\u030ci\u0301vatel\u030cov elektronicky\u0301ch komunikac\u030cny\u0301ch sluz\u030cieb Axalnet<\/a><span style=\"color: #888888;\">\u00a0&#8211;\u00a01.1.2022<\/span><\/td>\n<\/tr>\n<\/tbody>\n<\/table>\n<p>[\/vc_column_text][\/vc_column][\/vc_row][vc_row][vc_column][vc_btn title=&#8220;Arch\u00edv V\u0161eobecn\u00fdch podmienok&#8220; color=&#8220;primary&#8220; link=&#8220;url:https%3A%2F%2Fwww.axalnet.sk%2Fnew%2Fdokumenty%2Fobchodne-podmienky%2Farchiv%2F|title:Arch%C3%ADv&#8220;][\/vc_column][\/vc_row]<\/p>\n","protected":false},"excerpt":{"rendered":"<p>[vc_row][vc_column][vc_column_text] V\u0161eobecn\u00e9 obchodn\u00e9 podmienky Axalnet, s.r.o\u00a0&#8211;\u00a01.1.2022 V\u0161eobecn\u00e9 obchodn\u00e9 podmienky Axalnet BO, s.r.o\u00a0&#8211;\u00a01.1.2022 V\u0161eobecn\u00e9 obchodn\u00e9 podmienky Axalnet WI, s.r.o\u00a0&#8211;\u00a01.1.2022 V\u0161eobecn\u00e9 obchodn\u00e9 podmienky Axalnet WIRELESS, s.r.o\u00a0&#8211;\u00a01.1.2022 V\u0161eobecn\u00e9 obchodn\u00e9 podmienky Axalnet TV, s.r.o &#8211; 1.1.2022 [\/vc_column_text][vc_column_text] Informa\u0301cie pre koncovy\u0301ch uz\u030ci\u0301vatel\u030cov elektronicky\u0301ch komunikac\u030cny\u0301ch sluz\u030cieb Axalnet\u00a0&#8211;\u00a01.1.2022 [\/vc_column_text][\/vc_column][\/vc_row][vc_row][vc_column][vc_btn title=&#8220;Arch\u00edv V\u0161eobecn\u00fdch podmienok&#8220; color=&#8220;primary&#8220; link=&#8220;url:https%3A%2F%2Fwww.axalnet.sk%2Fnew%2Fdokumenty%2Fobchodne-podmienky%2Farchiv%2F|title:Arch%C3%ADv&#8220;][\/vc_column][\/vc_row]<\/p>\n","protected":false},"author":1,"featured_media":0,"parent":49,"menu_order":2,"comment_status":"closed","ping_status":"closed","template":"","meta":[],"_links":{"self":[{"href":"https:\/\/www.axalnet.sk\/new\/wp-json\/wp\/v2\/pages\/57"}],"collection":[{"href":"https:\/\/www.axalnet.sk\/new\/wp-json\/wp\/v2\/pages"}],"about":[{"href":"https:\/\/www.axalnet.sk\/new\/wp-json\/wp\/v2\/types\/page"}],"author":[{"embeddable":true,"href":"https:\/\/www.axalnet.sk\/new\/wp-json\/wp\/v2\/users\/1"}],"replies":[{"embeddable":true,"href":"https:\/\/www.axalnet.sk\/new\/wp-json\/wp\/v2\/comments?post=57"}],"version-history":[{"count":15,"href":"https:\/\/www.axalnet.sk\/new\/wp-json\/wp\/v2\/pages\/57\/revisions"}],"predecessor-version":[{"id":958,"href":"https:\/\/www.axalnet.sk\/new\/wp-json\/wp\/v2\/pages\/57\/revisions\/958"}],"up":[{"embeddable":true,"href":"https:\/\/www.axalnet.sk\/new\/wp-json\/wp\/v2\/pages\/49"}],"wp:attachment":[{"href":"https:\/\/www.axalnet.sk\/new\/wp-json\/wp\/v2\/media?parent=57"}],"curies":[{"name":"wp","href":"https:\/\/api.w.org\/{rel}","templated":true}]}}