{"id":55,"date":"2013-10-31T09:04:12","date_gmt":"2013-10-31T08:04:12","guid":{"rendered":"http:\/\/www.axalnet.sk\/new\/?page_id=55"},"modified":"2015-11-18T13:30:06","modified_gmt":"2015-11-18T12:30:06","slug":"specifikacie-sluzieb","status":"publish","type":"page","link":"https:\/\/www.axalnet.sk\/new\/dokumenty\/specifikacie-sluzieb\/","title":{"rendered":"\u0160pecifik\u00e1cie slu\u017eieb"},"content":{"rendered":"<table>\n<tbody>\n<tr>\n<td><img loading=\"lazy\" class=\"alignnone size-full wp-image-389\" alt=\"ico_pdf\" src=\"https:\/\/www.axalnet.sk\/new\/wp-content\/uploads\/2013\/10\/ico_pdf.png\" width=\"20\" height=\"19\" align=\"absmiddle\" \/><a href=\"https:\/\/www.axalnet.sk\/new\/wp-content\/uploads\/2013\/10\/Technicka_specifikacia.pdf\">Technick\u00e1 \u0161pecifik\u00e1cie slu\u017eieb<\/a><span style=\"color: #888888;\">&nbsp;&#8211;&nbsp;10.11.2010<\/span><\/td>\n<\/tr>\n<\/tbody>\n<\/table>\n","protected":false},"excerpt":{"rendered":"<p>Technick\u00e1 \u0161pecifik\u00e1cie slu\u017eieb&nbsp;&#8211;&nbsp;10.11.2010<\/p>\n","protected":false},"author":1,"featured_media":0,"parent":49,"menu_order":4,"comment_status":"closed","ping_status":"closed","template":"","meta":[],"_links":{"self":[{"href":"https:\/\/www.axalnet.sk\/new\/wp-json\/wp\/v2\/pages\/55"}],"collection":[{"href":"https:\/\/www.axalnet.sk\/new\/wp-json\/wp\/v2\/pages"}],"about":[{"href":"https:\/\/www.axalnet.sk\/new\/wp-json\/wp\/v2\/types\/page"}],"author":[{"embeddable":true,"href":"https:\/\/www.axalnet.sk\/new\/wp-json\/wp\/v2\/users\/1"}],"replies":[{"embeddable":true,"href":"https:\/\/www.axalnet.sk\/new\/wp-json\/wp\/v2\/comments?post=55"}],"version-history":[{"count":4,"href":"https:\/\/www.axalnet.sk\/new\/wp-json\/wp\/v2\/pages\/55\/revisions"}],"predecessor-version":[{"id":555,"href":"https:\/\/www.axalnet.sk\/new\/wp-json\/wp\/v2\/pages\/55\/revisions\/555"}],"up":[{"embeddable":true,"href":"https:\/\/www.axalnet.sk\/new\/wp-json\/wp\/v2\/pages\/49"}],"wp:attachment":[{"href":"https:\/\/www.axalnet.sk\/new\/wp-json\/wp\/v2\/media?parent=55"}],"curies":[{"name":"wp","href":"https:\/\/api.w.org\/{rel}","templated":true}]}}