{"id":51,"date":"2013-10-31T09:09:32","date_gmt":"2013-10-31T08:09:32","guid":{"rendered":"http:\/\/www.axalnet.sk\/new\/?page_id=51"},"modified":"2025-01-03T09:04:07","modified_gmt":"2025-01-03T08:04:07","slug":"cennik","status":"publish","type":"page","link":"https:\/\/www.axalnet.sk\/new\/dokumenty\/cennik\/","title":{"rendered":"Cenn\u00edk"},"content":{"rendered":"<p>[vc_row][vc_column][vc_column_text]<\/p>\n<div>\n<p>Stiahnite si cenn\u00edk na\u0161ich produktov a slu\u017eieb. Pre lep\u0161iu orient\u00e1ciu a pre bezprobl\u00e9mov\u00fa tla\u010d vybran\u00e9ho cenn\u00edka, pon\u00fakame V\u00e1m ho vo form\u00e1toch PDF a DOC. Alebo si prezrite cenn\u00edk priamo na str\u00e1nke, kliknut\u00edm na podstr\u00e1nku konkr\u00e9tnej slu\u017eby.<\/p>\n<h3 id=\"m_internet-pre-obyvatelov-axalnet-metropolitan-network-amn-\">Internet pre obyvate\u013eov<\/h3>\n<\/div>\n<table>\n<tbody>\n<tr>\n<td><img loading=\"lazy\" class=\"alignnone size-full wp-image-389\" src=\"https:\/\/www.axalnet.sk\/new\/wp-content\/uploads\/2013\/10\/ico_pdf.png\" alt=\"ico_pdf\" width=\"20\" height=\"19\" align=\"absmiddle\" \/><a href=\"https:\/\/www.axalnet.sk\/new\/wp-content\/uploads\/2024\/12\/Cennik_Sluzieb-01-01-2025_Axalnet.pdf\"> Cenn\u00edk slu\u017eieb Axalnet<\/a> (platn\u00fd od 01. 01. 2025)<\/td>\n<\/tr>\n<tr>\n<td><img loading=\"lazy\" class=\"alignnone size-full wp-image-389\" src=\"https:\/\/www.axalnet.sk\/new\/wp-content\/uploads\/2013\/10\/ico_pdf.png\" alt=\"ico_pdf\" width=\"20\" height=\"19\" align=\"absmiddle\" \/><a href=\"https:\/\/www.axalnet.sk\/new\/wp-content\/uploads\/2024\/11\/Cennik_Sluzieb-01-11-2024_Axalnet_BO.pdf\"> Cenn\u00edk slu\u017eieb Axalnet BO<\/a> (platn\u00fd od 01. 11. 2024)<\/td>\n<\/tr>\n<tr>\n<td><img loading=\"lazy\" class=\"alignnone size-full wp-image-389\" src=\"https:\/\/www.axalnet.sk\/new\/wp-content\/uploads\/2013\/10\/ico_pdf.png\" alt=\"ico_pdf\" width=\"20\" height=\"19\" align=\"absmiddle\" \/><a href=\"https:\/\/www.axalnet.sk\/new\/wp-content\/uploads\/2024\/11\/Cennik_Sluzieb-01-11-2024_Axalnet_WI.pdf\"> Cenn\u00edk slu\u017eieb Axalnet WI<\/a> (platn\u00fd od 01. 11. 2024)<\/td>\n<\/tr>\n<tr>\n<td><img loading=\"lazy\" class=\"alignnone size-full wp-image-389\" src=\"https:\/\/www.axalnet.sk\/new\/wp-content\/uploads\/2013\/10\/ico_pdf.png\" alt=\"ico_pdf\" width=\"20\" height=\"19\" align=\"absmiddle\" \/><a href=\"https:\/\/www.axalnet.sk\/new\/wp-content\/uploads\/2024\/11\/Cennik_Sluzieb-01-11-2024_Axalnet_Wireless.pdf\"> Cenn\u00edk slu\u017eieb Axalnet Wireless<\/a> (platn\u00fd od 01. 11. 2024)<\/td>\n<\/tr>\n<tr>\n<td><img loading=\"lazy\" class=\"alignnone size-full wp-image-389\" src=\"https:\/\/www.axalnet.sk\/new\/wp-content\/uploads\/2013\/10\/ico_pdf.png\" alt=\"ico_pdf\" width=\"20\" height=\"19\" align=\"absmiddle\" \/><a href=\"https:\/\/www.axalnet.sk\/new\/wp-content\/uploads\/2024\/11\/Cennik_Sluzieb-01-11-2024_Axalnet_TV.pdf\"> Cenn\u00edk slu\u017eieb Axalnet TV<\/a> (platn\u00fd od 01. 11. 2024)<\/td>\n<\/tr>\n<\/tbody>\n<\/table>\n<div>\n<h3 id=\"m_internet-pre-firmy-axalnet-profi-network-apn-\">Internet pre firmy<\/h3>\n<\/div>\n<table>\n<tbody>\n<tr>\n<td><img loading=\"lazy\" class=\"alignnone size-full wp-image-389\" src=\"https:\/\/www.axalnet.sk\/new\/wp-content\/uploads\/2013\/10\/ico_pdf.png\" alt=\"ico_pdf\" width=\"20\" height=\"19\" align=\"absmiddle\" \/><a href=\"https:\/\/www.axalnet.sk\/new\/wp-content\/uploads\/2022\/04\/Cennik-AXALNET-Internet_pre_firmy_APN.pdf\">Cenn\u00edk slu\u017eby Axalnet Profi Network &#8211; Internet pre firmy<\/a><\/td>\n<\/tr>\n<\/tbody>\n<\/table>\n<h3 id=\"m_lokality-dostupnosti-sluzieb\">Lokality dostupnosti slu\u017eieb<\/h3>\n<div>\n<p>Stiahnite si preh\u013ead dostupnosti na\u0161ich slu\u017ebieb v jednotliv\u00fdch lokalit\u00e1ch miest a v obciach v \u0161ir\u0161om okol\u00ed Topo\u013e\u010dian. Pre lep\u0161iu orient\u00e1ciu a pre bezprobl\u00e9mov\u00fa tla\u010d vybran\u00e9ho dokumentu, pon\u00fakame V\u00e1m ho vo form\u00e1toch PDF a DOC.<\/p>\n<\/div>\n<table>\n<tbody>\n<tr>\n<td><img loading=\"lazy\" class=\"alignnone size-full wp-image-389\" src=\"https:\/\/www.axalnet.sk\/new\/wp-content\/uploads\/2013\/10\/ico_pdf.png\" alt=\"ico_pdf\" width=\"20\" height=\"19\" align=\"absmiddle\" \/><a href=\"https:\/\/www.axalnet.sk\/new\/wp-content\/uploads\/2013\/10\/Zoznam_lokalit_s_dostupnou_sluzbou_internet.pdf\">Lokality dostupnosti slu\u017eieb<\/a><\/td>\n<\/tr>\n<\/tbody>\n<\/table>\n<p><!--\n<iframe loading=\"lazy\" src=\"https:\/\/www.axalnet.sk\/new\/cennik\/index.php\" width=\"640\" height=\"730\" frameborder=\"0\"><\/iframe>\n-->[\/vc_column_text][\/vc_column][\/vc_row][vc_row][vc_column][vc_btn title=&#8220;Arch\u00edv Cenn\u00edkov&#8220; color=&#8220;primary&#8220; link=&#8220;url:https%3A%2F%2Fwww.axalnet.sk%2Fnew%2Fdokumenty%2Fcennik%2Farchiv%2F|title:Arch%C3%ADv&#8220;][\/vc_column][\/vc_row]<\/p>\n","protected":false},"excerpt":{"rendered":"<p>[vc_row][vc_column][vc_column_text] Stiahnite si cenn\u00edk na\u0161ich produktov a slu\u017eieb. Pre lep\u0161iu orient\u00e1ciu a pre bezprobl\u00e9mov\u00fa tla\u010d vybran\u00e9ho cenn\u00edka, pon\u00fakame V\u00e1m ho vo form\u00e1toch PDF a DOC. Alebo si prezrite cenn\u00edk priamo na str\u00e1nke, kliknut\u00edm na podstr\u00e1nku konkr\u00e9tnej slu\u017eby. Internet pre obyvate\u013eov Cenn\u00edk slu\u017eieb Axalnet (platn\u00fd od 01. 01. 2025) Cenn\u00edk slu\u017eieb Axalnet BO (platn\u00fd od 01.&hellip;<\/p>\n","protected":false},"author":1,"featured_media":0,"parent":49,"menu_order":1,"comment_status":"closed","ping_status":"closed","template":"","meta":[],"_links":{"self":[{"href":"https:\/\/www.axalnet.sk\/new\/wp-json\/wp\/v2\/pages\/51"}],"collection":[{"href":"https:\/\/www.axalnet.sk\/new\/wp-json\/wp\/v2\/pages"}],"about":[{"href":"https:\/\/www.axalnet.sk\/new\/wp-json\/wp\/v2\/types\/page"}],"author":[{"embeddable":true,"href":"https:\/\/www.axalnet.sk\/new\/wp-json\/wp\/v2\/users\/1"}],"replies":[{"embeddable":true,"href":"https:\/\/www.axalnet.sk\/new\/wp-json\/wp\/v2\/comments?post=51"}],"version-history":[{"count":21,"href":"https:\/\/www.axalnet.sk\/new\/wp-json\/wp\/v2\/pages\/51\/revisions"}],"predecessor-version":[{"id":1029,"href":"https:\/\/www.axalnet.sk\/new\/wp-json\/wp\/v2\/pages\/51\/revisions\/1029"}],"up":[{"embeddable":true,"href":"https:\/\/www.axalnet.sk\/new\/wp-json\/wp\/v2\/pages\/49"}],"wp:attachment":[{"href":"https:\/\/www.axalnet.sk\/new\/wp-json\/wp\/v2\/media?parent=51"}],"curies":[{"name":"wp","href":"https:\/\/api.w.org\/{rel}","templated":true}]}}