{"id":397,"date":"2014-02-26T10:05:33","date_gmt":"2014-02-26T09:05:33","guid":{"rendered":"http:\/\/www.axalnet.sk\/new\/?page_id=397"},"modified":"2025-03-13T15:38:59","modified_gmt":"2025-03-13T14:38:59","slug":"prehlad-o-sluzbach","status":"publish","type":"page","link":"https:\/\/www.axalnet.sk\/new\/dokumenty\/prehlad-o-sluzbach\/","title":{"rendered":"Preh\u013ead o slu\u017eb\u00e1ch"},"content":{"rendered":"<p>[vc_row][vc_column width=&#8220;1\/4&#8243;][vc_column_text]<strong>Axalnet, s.r.o.<\/strong><\/p>\n<p><a href=\"https:\/\/www.axalnet.sk\/new\/wp-content\/uploads\/2014\/02\/Dostupnost_axalnet.csv\">Dostupnos\u0165 Axalnet CSV<\/a><\/p>\n<p><a href=\"https:\/\/www.axalnet.sk\/new\/wp-content\/uploads\/2014\/02\/Dostupnost_axalnet.xlsx\">Dostupnos\u0165 Axalnet XLSX<\/a><\/p>\n<p><a href=\"https:\/\/www.axalnet.sk\/new\/wp-content\/uploads\/2014\/02\/Produkty_axalnet.csv\">Produkty Axalnet CSV<\/a><\/p>\n<p><a href=\"https:\/\/www.axalnet.sk\/new\/wp-content\/uploads\/2014\/02\/Produkty_axalnet.xlsx\">Produkty Axalnet XLSX<\/a><\/p>\n<p>[\/vc_column_text][\/vc_column][vc_column width=&#8220;1\/4&#8243;][vc_column_text]<strong>Axalnet BO, s.r.o.<\/strong><\/p>\n<p><a href=\"https:\/\/www.axalnet.sk\/new\/wp-content\/uploads\/2014\/02\/Dostupnost_axalnet_BO.csv\">Dostupnost Axallnet_BO CSV<\/a><\/p>\n<p><a href=\"https:\/\/www.axalnet.sk\/new\/wp-content\/uploads\/2014\/02\/Dostupnost_axalnet_BO.xlsx\">Dostupnost Axalnet_BO XLSX<\/a><\/p>\n<p><a href=\"https:\/\/www.axalnet.sk\/new\/wp-content\/uploads\/2014\/02\/Produkty_axalnet_BO.csv\">Produkty Axalnet_BO CSV<\/a><\/p>\n<p><a href=\"https:\/\/www.axalnet.sk\/new\/wp-content\/uploads\/2014\/02\/Produkty_axalnet_BO.xlsx\">Produkty Axalnet_BO XLSX<\/a><\/p>\n<p>[\/vc_column_text][\/vc_column][vc_column width=&#8220;1\/4&#8243;][vc_column_text]<strong>Axalnet WI, s.r.o.<\/strong><\/p>\n<p><a href=\"https:\/\/www.axalnet.sk\/new\/wp-content\/uploads\/2014\/02\/Dostupnost_axalnet_WI.csv\">Dostupnost Axalnet_WI CSV<\/a><\/p>\n<p><a href=\"https:\/\/www.axalnet.sk\/new\/wp-content\/uploads\/2014\/02\/Dostupnost_axalnet_WI.xlsx\">Dostupnost Axalnet_WI XLSX<\/a><\/p>\n<p><a href=\"https:\/\/www.axalnet.sk\/new\/wp-content\/uploads\/2014\/02\/Produkty_axalnet_WI.csv\">Produkty Axalnet_WI CSV<\/a><\/p>\n<p><a href=\"https:\/\/www.axalnet.sk\/new\/wp-content\/uploads\/2014\/02\/Produkty_axalnet_WI.xlsx\">Produkty Axalnet_WI XLSX<\/a><\/p>\n<p>[\/vc_column_text][\/vc_column][vc_column width=&#8220;1\/4&#8243;][vc_column_text]<strong>Axalnet WIRELESS, s.r.o.<\/strong><\/p>\n<p><a href=\"https:\/\/www.axalnet.sk\/new\/wp-content\/uploads\/2014\/02\/Dostupnost_axalnet_WIRELESS.csv\">Dostupnost Axalnet_WIRELESS CSV<\/a><\/p>\n<p><a href=\"https:\/\/www.axalnet.sk\/new\/wp-content\/uploads\/2014\/02\/Dostupnost_axalnet_WIRELESS.xlsx\">Dostupnost Axalnet_WIRELESS XLSX<\/a><\/p>\n<p><a href=\"https:\/\/www.axalnet.sk\/new\/wp-content\/uploads\/2014\/02\/Produkty_axalnet_WIRELESS.csv\">Produkty Axalnet_WIRELESS CSV<\/a><\/p>\n<p><a href=\"https:\/\/www.axalnet.sk\/new\/wp-content\/uploads\/2014\/02\/Produkty_axalnet_WIRELESS.xlsx\">Produkty Axalnet_WIRELESS XLSX<\/a>[\/vc_column_text][\/vc_column][\/vc_row][vc_row][vc_column][vc_column_text]<\/p>\n<h5>Prenos internetu<\/h5>\n<p>Email: <a href=\"mailto:prenosinternetu@axalnet.sk\">prenosinternetu@axalnet.sk<\/a><\/p>\n<p>Certifik\u00e1t na overenie podpisu &#8211;\u00a0<a href=\"https:\/\/www.axalnet.sk\/new\/wp-content\/uploads\/2025\/03\/Axalnet-prenos-internetu.crt_.zip\">Stiahnut certifikat Axalnet<\/a> (.zip)[\/vc_column_text][\/vc_column][\/vc_row]<\/p>\n","protected":false},"excerpt":{"rendered":"<p>[vc_row][vc_column width=&#8220;1\/4&#8243;][vc_column_text]Axalnet, s.r.o. Dostupnos\u0165 Axalnet CSV Dostupnos\u0165 Axalnet XLSX Produkty Axalnet CSV Produkty Axalnet XLSX [\/vc_column_text][\/vc_column][vc_column width=&#8220;1\/4&#8243;][vc_column_text]Axalnet BO, s.r.o. Dostupnost Axallnet_BO CSV Dostupnost Axalnet_BO XLSX Produkty Axalnet_BO CSV Produkty Axalnet_BO XLSX [\/vc_column_text][\/vc_column][vc_column width=&#8220;1\/4&#8243;][vc_column_text]Axalnet WI, s.r.o. Dostupnost Axalnet_WI CSV Dostupnost Axalnet_WI XLSX Produkty Axalnet_WI CSV Produkty Axalnet_WI XLSX [\/vc_column_text][\/vc_column][vc_column width=&#8220;1\/4&#8243;][vc_column_text]Axalnet WIRELESS, s.r.o. Dostupnost Axalnet_WIRELESS CSV Dostupnost&hellip;<\/p>\n","protected":false},"author":1,"featured_media":0,"parent":49,"menu_order":6,"comment_status":"closed","ping_status":"closed","template":"","meta":[],"_links":{"self":[{"href":"https:\/\/www.axalnet.sk\/new\/wp-json\/wp\/v2\/pages\/397"}],"collection":[{"href":"https:\/\/www.axalnet.sk\/new\/wp-json\/wp\/v2\/pages"}],"about":[{"href":"https:\/\/www.axalnet.sk\/new\/wp-json\/wp\/v2\/types\/page"}],"author":[{"embeddable":true,"href":"https:\/\/www.axalnet.sk\/new\/wp-json\/wp\/v2\/users\/1"}],"replies":[{"embeddable":true,"href":"https:\/\/www.axalnet.sk\/new\/wp-json\/wp\/v2\/comments?post=397"}],"version-history":[{"count":14,"href":"https:\/\/www.axalnet.sk\/new\/wp-json\/wp\/v2\/pages\/397\/revisions"}],"predecessor-version":[{"id":1058,"href":"https:\/\/www.axalnet.sk\/new\/wp-json\/wp\/v2\/pages\/397\/revisions\/1058"}],"up":[{"embeddable":true,"href":"https:\/\/www.axalnet.sk\/new\/wp-json\/wp\/v2\/pages\/49"}],"wp:attachment":[{"href":"https:\/\/www.axalnet.sk\/new\/wp-json\/wp\/v2\/media?parent=397"}],"curies":[{"name":"wp","href":"https:\/\/api.w.org\/{rel}","templated":true}]}}