{"id":100,"date":"2013-11-04T07:27:08","date_gmt":"2013-11-04T06:27:08","guid":{"rendered":"http:\/\/www.axalnet.sk\/new\/?page_id=100"},"modified":"2015-06-05T13:05:53","modified_gmt":"2015-06-05T12:05:53","slug":"sprava-siete","status":"publish","type":"page","link":"https:\/\/www.axalnet.sk\/new\/sluzby\/pre-firmy\/sprava-siete\/","title":{"rendered":"Spr\u00e1va siete"},"content":{"rendered":"<ul>\n<li>N\u00e1vrh rie\u0161enia siete \u0161it\u00fd na mieru Va\u0161ej firme<\/li>\n<li>Realiz\u00e1cia navrhnut\u00e9ho rie\u0161enia pomocou najkvalitnej\u0161\u00edch technol\u00f3gi\u00ed<\/li>\n<li>Predaj sie\u0165ov\u00fdch prvkov a pr\u00edslu\u0161enstva<\/li>\n<li>Doh\u013ead nad fungovan\u00edm siete<\/li>\n<li>Odborn\u00e1 pomoc a konzult\u00e1cie<\/li>\n<\/ul>\n","protected":false},"excerpt":{"rendered":"<p>N\u00e1vrh rie\u0161enia siete \u0161it\u00fd na mieru Va\u0161ej firme Realiz\u00e1cia navrhnut\u00e9ho rie\u0161enia pomocou najkvalitnej\u0161\u00edch technol\u00f3gi\u00ed Predaj sie\u0165ov\u00fdch prvkov a pr\u00edslu\u0161enstva Doh\u013ead nad fungovan\u00edm siete Odborn\u00e1 pomoc a konzult\u00e1cie<\/p>\n","protected":false},"author":1,"featured_media":0,"parent":29,"menu_order":2,"comment_status":"closed","ping_status":"closed","template":"","meta":[],"_links":{"self":[{"href":"https:\/\/www.axalnet.sk\/new\/wp-json\/wp\/v2\/pages\/100"}],"collection":[{"href":"https:\/\/www.axalnet.sk\/new\/wp-json\/wp\/v2\/pages"}],"about":[{"href":"https:\/\/www.axalnet.sk\/new\/wp-json\/wp\/v2\/types\/page"}],"author":[{"embeddable":true,"href":"https:\/\/www.axalnet.sk\/new\/wp-json\/wp\/v2\/users\/1"}],"replies":[{"embeddable":true,"href":"https:\/\/www.axalnet.sk\/new\/wp-json\/wp\/v2\/comments?post=100"}],"version-history":[{"count":3,"href":"https:\/\/www.axalnet.sk\/new\/wp-json\/wp\/v2\/pages\/100\/revisions"}],"predecessor-version":[{"id":511,"href":"https:\/\/www.axalnet.sk\/new\/wp-json\/wp\/v2\/pages\/100\/revisions\/511"}],"up":[{"embeddable":true,"href":"https:\/\/www.axalnet.sk\/new\/wp-json\/wp\/v2\/pages\/29"}],"wp:attachment":[{"href":"https:\/\/www.axalnet.sk\/new\/wp-json\/wp\/v2\/media?parent=100"}],"curies":[{"name":"wp","href":"https:\/\/api.w.org\/{rel}","templated":true}]}}